{"id":786,"date":"2025-10-30T15:15:21","date_gmt":"2025-10-30T15:15:21","guid":{"rendered":"http:\/\/www.xn--szpargay-dpb.pl\/?post_type=product&#038;p=786"},"modified":"2025-11-23T13:25:16","modified_gmt":"2025-11-23T13:25:16","slug":"atomic-race-10-50","status":"publish","type":"product","link":"https:\/\/www.xn--szpargay-dpb.pl\/index.php\/produkt\/atomic-race-10-50\/","title":{"rendered":"Atomic Race 10 50"},"content":{"rendered":"<p>Buty narciarskie u\u017cywane Atomic Race 10 50. Buty u\u017cywane w\u00a0 bardzo dobrym stanie technicznym. Posiadaj\u0105 drobne rysy i otarcia. Buty z przeznaczeniem dla dyscyplin wymagaj\u0105cych wi\u0119kszych pr\u0119dko\u015bci. Kontrola narty i maksymalne przyspieszenie dzi\u0119ki stabilizatorowi TITANIUM. Zapewniaj\u0105 doskona\u0142y efekt jazdy. Posiadaj\u0105 asymetryczn\u0105 skorup\u0119 i obcasy 50mm. Indywidualne dopasowanie wk\u0142adki wok\u00f3\u0142 kostki z nowym systemem Gel Skin.<\/p>\n","protected":false},"excerpt":{"rendered":"<p>D\u0142ugo\u015b\u0107 wk\u0142adki 26,5 cm w Polsce to rozmiar 41.<\/p>\n","protected":false},"featured_media":783,"comment_status":"open","ping_status":"closed","template":"","meta":[],"product_brand":[],"product_cat":[17,181],"product_tag":[223,222,228,225,183,229,59,227],"class_list":{"0":"post-786","1":"product","2":"type-product","3":"status-publish","4":"has-post-thumbnail","6":"product_cat-bez-kategorii","7":"product_cat-zaproponuj-cene","8":"product_tag-atomic","9":"product_tag-buty-narciarskie","10":"product_tag-kupno","11":"product_tag-marketplace","12":"product_tag-olkusz","13":"product_tag-sprzedaz","14":"product_tag-uzywane","15":"product_tag-zamiana","17":"first","18":"instock","19":"sale","20":"shipping-taxable","21":"purchasable","22":"product-type-simple"},"_links":{"self":[{"href":"https:\/\/www.xn--szpargay-dpb.pl\/index.php\/wp-json\/wp\/v2\/product\/786","targetHints":{"allow":["GET"]}}],"collection":[{"href":"https:\/\/www.xn--szpargay-dpb.pl\/index.php\/wp-json\/wp\/v2\/product"}],"about":[{"href":"https:\/\/www.xn--szpargay-dpb.pl\/index.php\/wp-json\/wp\/v2\/types\/product"}],"replies":[{"embeddable":true,"href":"https:\/\/www.xn--szpargay-dpb.pl\/index.php\/wp-json\/wp\/v2\/comments?post=786"}],"wp:featuredmedia":[{"embeddable":true,"href":"https:\/\/www.xn--szpargay-dpb.pl\/index.php\/wp-json\/wp\/v2\/media\/783"}],"wp:attachment":[{"href":"https:\/\/www.xn--szpargay-dpb.pl\/index.php\/wp-json\/wp\/v2\/media?parent=786"}],"wp:term":[{"taxonomy":"product_brand","embeddable":true,"href":"https:\/\/www.xn--szpargay-dpb.pl\/index.php\/wp-json\/wp\/v2\/product_brand?post=786"},{"taxonomy":"product_cat","embeddable":true,"href":"https:\/\/www.xn--szpargay-dpb.pl\/index.php\/wp-json\/wp\/v2\/product_cat?post=786"},{"taxonomy":"product_tag","embeddable":true,"href":"https:\/\/www.xn--szpargay-dpb.pl\/index.php\/wp-json\/wp\/v2\/product_tag?post=786"}],"curies":[{"name":"wp","href":"https:\/\/api.w.org\/{rel}","templated":true}]}}