{"id":125,"date":"2024-10-28T17:39:54","date_gmt":"2024-10-28T17:39:54","guid":{"rendered":"http:\/\/www.xn--szpargay-dpb.pl\/?post_type=product&#038;p=125"},"modified":"2025-11-21T15:04:29","modified_gmt":"2025-11-21T15:04:29","slug":"rower-wolf","status":"publish","type":"product","link":"https:\/\/www.xn--szpargay-dpb.pl\/index.php\/produkt\/rower-wolf\/","title":{"rendered":"Rower Wolf"},"content":{"rendered":"<p><strong>Mo\u017cliwa zamiana roweru na Opla Astr\u0119 III za niewielk\u0105 dop\u0142at\u0105. Najlepiej Diesel z LPG\u00a0 w dobrym stanie.<\/strong><\/p>\n<p><strong>Rower Wolf<\/strong> to uniwersalny g\u00f3ral dla m\u0142odszego i starszego u\u017cytkownika. Nadaje si\u0119 na przeja\u017cd\u017cki po trudniejszym terenie i szosie. Lekka aluminiowa konstrukcja w po\u0142\u0105czeniu z 21 biegow\u0105 przek\u0142adni\u0105 i wygodn\u0105 wyprofilowan\u0105 kierownic\u0105 sprawiaj\u0105, \u017ce jazda tym rowerem po le\u015bnych \u015bcie\u017ckach, wyboistych terenach i stromych podjazdach potrafi by\u0107 naprawd\u0119 przyjemne i co najwa\u017cniejsze wygodne.<\/p>\n<p><strong>Posiada solidne przerzutki Shimano<\/strong><\/p>\n<p>Przerzutki i manetki w modelu Wolf to produkty japo\u0144skiej marki Shimano, kt\u00f3ra jest jednym z najwi\u0119kszych producent\u00f3w cz\u0119\u015bci rowerowych na \u015bwiecie. Liczba bieg\u00f3w wynosz\u0105ca 21 pozwoli Ci pokona\u0107 ka\u017cdy g\u00f3rski obszar. Przerzutki Shimano zapewniaj\u0105 p\u0142ynn\u0105, pewn\u0105 i lekk\u0105 zmian\u0119 bieg\u00f3w. Ich trwa\u0142o\u015b\u0107 i bezawaryjno\u015b\u0107 \u015bwietnie sprawdzi si\u0119 na najtrudniejszej trasie. Przerzutki Shimano zapewni\u0105 komfort jazdy po ka\u017cdej nawierzchni i w ka\u017cdej pogodzie \u017ceby\u015b m\u00f3g\u0142 bez przeszk\u00f3d cieszy\u0107 si\u0119 swoj\u0105 pasj\u0105.<\/p>\n<p><strong>Hamulce tarczowe mechaniczne anodyzowane<\/strong><\/p>\n<p>Mechaniczne hamulce tarczowe gwarantuj\u0105 du\u017c\u0105 si\u0142\u0119 hamowania niezale\u017cnie od warunk\u00f3w atmosferycznych. S\u0105 bardzo \u0142atwe w regulacji dzi\u0119ki czemu nie przysporz\u0105 problemu nawet pocz\u0105tkuj\u0105cemu rowerzy\u015bcie. Bardzo wa\u017cn\u0105 zalet\u0105 tych hamulc\u00f3w jest ich prostota budowy oraz \u0142atwo\u015b\u0107 naprawy bez u\u017cycia specjalistycznych narz\u0119dzi. Bardzo dobrze sprawdzaj\u0105 si\u0119 w je\u017adzie wyczynowej. Hamulce poddane zosta\u0142y procesowi anodyzacji dzi\u0119ki czemu s\u0105 bardziej odporne na korozje.<\/p>\n<p><strong>Aluminiowa rama<\/strong><\/p>\n<p>Rama aluminiowa jest obecnie najcz\u0119\u015bciej wybieranym typem ramy przez u\u017cytkownik\u00f3w ze wzgl\u0119du na lekko\u015b\u0107. Ich najwi\u0119ksz\u0105 zalet\u0105 jest du\u017co wi\u0119ksza sztywno\u015b\u0107 w por\u00f3wnaniu z ramami stalowymi oraz ni\u017csza waga. Lekki materia\u0142 poprawi dynamik\u0119 jazdy pod g\u00f3r\u0119 oraz sprawi, \u017ce wniesienie roweru np. po schodach jest \u0142atwe. Mocna i trwa\u0142a konstrukcja zapewnia komfort i bezpiecze\u0144stwo jazdy.<\/p>\n<p><strong>Mi\u0119kki amortyzator<\/strong><\/p>\n<p>Amortyzowany widelec gwarantuje wi\u0119kszy komfort podczas pokonywania nier\u00f3wnych teren\u00f3w oraz sprawia, \u017ce nadgarstki s\u0105 mniej obci\u0105\u017cone co ma du\u017ce znaczenie g\u0142\u00f3wnie przy d\u0142u\u017cszych trasach. Precyzyjne hamulce umiejscowione z przodu i z ty\u0142u zapewniaj\u0105 bezpiecze\u0144stwo jazdy. Wygodne prowadzenie nawet po najbardziej wymagaj\u0105cym terenie i nier\u00f3wno\u015bciach to podstawowa zaleta tego amortyzatora.<\/p>\n<p><strong>Wygodne siod\u0142o<\/strong><\/p>\n<p>W rowerze Wolf zastosowano wysokiej jako\u015bci profilowane siod\u0142o. Zosta\u0142o ono zaprojektowane tak aby maksymalnie podnie\u015b\u0107 komfort u\u017cytkowania. Lampki odblaskowe do\u0142\u0105czone do jedno\u015bladu znacznie zwi\u0119ksz\u0105 Twoje bezpiecze\u0144stwo po zmroku. U\u0142atwi\u0105 kierowcom zauwa\u017cenie Ci\u0119 z odpowiedniej, bezpiecznej odleg\u0142o\u015b\u0107.<\/p>\n<p><strong>Ko\u0142a rowerowe 26 cali<\/strong><\/p>\n<p>Ko\u0142a to najwa\u017cniejszy element roweru. Dobrze dobrane maj\u0105 niezaprzeczalny wp\u0142yw na jako\u015b\u0107 jazdy. Ko\u0142a 26 calowe idealnie sprawdzaj\u0105 si\u0119 zar\u00f3wno w g\u00f3rskich i miejskich rowerach. Produkt wysokiej jako\u015bci starannie wykonany z trwa\u0142ych materia\u0142\u00f3w nadaj\u0105cych ko\u0142om idealne w\u0142a\u015bciwo\u015bci. Odpowiednio dopasowana masa i proporcje sprawiaj\u0105, \u017ce ko\u0142a radz\u0105 sobie bez przeszk\u00f3d nawet na trudnej nawierzchni daj\u0105c komfort i bezpiecze\u0144stwo jazdy.<\/p>\n","protected":false},"excerpt":{"rendered":"<p>Rower Wolf posiada solidne przerzutki Shimano, hamulce tarczowe mechaniczne anodyzowane, aluminiow\u0105 ram\u0119, mi\u0119kki amortyzator, wygodne siod\u0142o, ko\u0142a rowerowe 26 cali.<\/p>\n<p><strong>Sprzedaj\u0119 jako osoba fizyczna<\/strong><\/p>\n","protected":false},"featured_media":123,"comment_status":"open","ping_status":"closed","template":"","meta":[],"product_brand":[],"product_cat":[17,34,181],"product_tag":[33,225,185,183,31,182,186,227],"class_list":{"0":"post-125","1":"product","2":"type-product","3":"status-publish","4":"has-post-thumbnail","6":"product_cat-bez-kategorii","7":"product_cat-rower","8":"product_cat-zaproponuj-cene","9":"product_tag-malo-uzywany","10":"product_tag-marketplace","11":"product_tag-niska-cena","12":"product_tag-olkusz","13":"product_tag-rower-wolf","14":"product_tag-wyprzedaz","15":"product_tag-wyprzedaze-garazowe","16":"product_tag-zamiana","18":"first","19":"instock","20":"sale","21":"shipping-taxable","22":"purchasable","23":"product-type-simple"},"_links":{"self":[{"href":"https:\/\/www.xn--szpargay-dpb.pl\/index.php\/wp-json\/wp\/v2\/product\/125","targetHints":{"allow":["GET"]}}],"collection":[{"href":"https:\/\/www.xn--szpargay-dpb.pl\/index.php\/wp-json\/wp\/v2\/product"}],"about":[{"href":"https:\/\/www.xn--szpargay-dpb.pl\/index.php\/wp-json\/wp\/v2\/types\/product"}],"replies":[{"embeddable":true,"href":"https:\/\/www.xn--szpargay-dpb.pl\/index.php\/wp-json\/wp\/v2\/comments?post=125"}],"wp:featuredmedia":[{"embeddable":true,"href":"https:\/\/www.xn--szpargay-dpb.pl\/index.php\/wp-json\/wp\/v2\/media\/123"}],"wp:attachment":[{"href":"https:\/\/www.xn--szpargay-dpb.pl\/index.php\/wp-json\/wp\/v2\/media?parent=125"}],"wp:term":[{"taxonomy":"product_brand","embeddable":true,"href":"https:\/\/www.xn--szpargay-dpb.pl\/index.php\/wp-json\/wp\/v2\/product_brand?post=125"},{"taxonomy":"product_cat","embeddable":true,"href":"https:\/\/www.xn--szpargay-dpb.pl\/index.php\/wp-json\/wp\/v2\/product_cat?post=125"},{"taxonomy":"product_tag","embeddable":true,"href":"https:\/\/www.xn--szpargay-dpb.pl\/index.php\/wp-json\/wp\/v2\/product_tag?post=125"}],"curies":[{"name":"wp","href":"https:\/\/api.w.org\/{rel}","templated":true}]}}