{"id":1038,"date":"2026-01-09T14:19:25","date_gmt":"2026-01-09T14:19:25","guid":{"rendered":"http:\/\/www.xn--szpargay-dpb.pl\/?post_type=product&#038;p=1038"},"modified":"2026-01-09T14:19:25","modified_gmt":"2026-01-09T14:19:25","slug":"grace-kelly","status":"publish","type":"product","link":"https:\/\/www.xn--szpargay-dpb.pl\/index.php\/produkt\/grace-kelly\/","title":{"rendered":"Grace Kelly"},"content":{"rendered":"<p>Jest to medal upami\u0119tniaj\u0105cy wsp\u00f3ln\u0105 walut\u0119 euro w Monako, wydany w 2007 roku.<\/p>\n","protected":false},"excerpt":{"rendered":"<ul>\n<li><strong>Materia\u0142<\/strong>: Wykonany ze srebra pr\u00f3by 999 (Ag 999).<\/li>\n<li><strong>Waga<\/strong>: Wa\u017cy 20 gram\u00f3w.<\/li>\n<li><strong>Motyw<\/strong>: Przedstawia portret ksi\u0119\u017cnej Grace Kelly i prawdopodobnie budynek pa\u0142acu ksi\u0105\u017c\u0119cego w tle.<\/li>\n<li><strong>Status<\/strong>: Jest to medal kolekcjonerski, a nie prawny \u015brodek p\u0142atniczy (moneta obiegowa)<\/li>\n<\/ul>\n","protected":false},"featured_media":1035,"comment_status":"open","ping_status":"closed","template":"","meta":[],"product_brand":[],"product_cat":[166,44],"product_tag":[167],"class_list":{"0":"post-1038","1":"product","2":"type-product","3":"status-publish","4":"has-post-thumbnail","6":"product_cat-monety","7":"product_cat-numizmatyka","8":"product_tag-moneta","10":"first","11":"instock","12":"shipping-taxable","13":"purchasable","14":"product-type-simple"},"_links":{"self":[{"href":"https:\/\/www.xn--szpargay-dpb.pl\/index.php\/wp-json\/wp\/v2\/product\/1038","targetHints":{"allow":["GET"]}}],"collection":[{"href":"https:\/\/www.xn--szpargay-dpb.pl\/index.php\/wp-json\/wp\/v2\/product"}],"about":[{"href":"https:\/\/www.xn--szpargay-dpb.pl\/index.php\/wp-json\/wp\/v2\/types\/product"}],"replies":[{"embeddable":true,"href":"https:\/\/www.xn--szpargay-dpb.pl\/index.php\/wp-json\/wp\/v2\/comments?post=1038"}],"wp:featuredmedia":[{"embeddable":true,"href":"https:\/\/www.xn--szpargay-dpb.pl\/index.php\/wp-json\/wp\/v2\/media\/1035"}],"wp:attachment":[{"href":"https:\/\/www.xn--szpargay-dpb.pl\/index.php\/wp-json\/wp\/v2\/media?parent=1038"}],"wp:term":[{"taxonomy":"product_brand","embeddable":true,"href":"https:\/\/www.xn--szpargay-dpb.pl\/index.php\/wp-json\/wp\/v2\/product_brand?post=1038"},{"taxonomy":"product_cat","embeddable":true,"href":"https:\/\/www.xn--szpargay-dpb.pl\/index.php\/wp-json\/wp\/v2\/product_cat?post=1038"},{"taxonomy":"product_tag","embeddable":true,"href":"https:\/\/www.xn--szpargay-dpb.pl\/index.php\/wp-json\/wp\/v2\/product_tag?post=1038"}],"curies":[{"name":"wp","href":"https:\/\/api.w.org\/{rel}","templated":true}]}}