{"id":8,"date":"2025-12-26T15:02:00","date_gmt":"2025-12-26T15:02:00","guid":{"rendered":"http:\/\/www.xn--szpargay-dpb.pl\/?page_id=8"},"modified":"2026-01-02T11:39:59","modified_gmt":"2026-01-02T11:39:59","slug":"kontakt","status":"publish","type":"page","link":"https:\/\/www.xn--szpargay-dpb.pl\/index.php\/kontakt\/","title":{"rendered":"Kontakt"},"content":{"rendered":"\n<p class=\"has-regular-font-size\"><strong>Tu mo\u017cesz odebra\u0107 przedmiot po wcze\u015bniejszym ustaleniu telefonicznym.<\/strong><\/p>\n\n\n\n<figure class=\"wp-block-image size-full\"><img loading=\"lazy\" decoding=\"async\" width=\"789\" height=\"274\" src=\"http:\/\/www.xn--szpargay-dpb.pl\/wp-content\/uploads\/2025\/11\/Kontakt.png\" alt=\"\" class=\"wp-image-948\" srcset=\"https:\/\/www.xn--szpargay-dpb.pl\/wp-content\/uploads\/2025\/11\/Kontakt.png 789w, https:\/\/www.xn--szpargay-dpb.pl\/wp-content\/uploads\/2025\/11\/Kontakt-300x104.png 300w, https:\/\/www.xn--szpargay-dpb.pl\/wp-content\/uploads\/2025\/11\/Kontakt-768x267.png 768w, https:\/\/www.xn--szpargay-dpb.pl\/wp-content\/uploads\/2025\/11\/Kontakt-600x208.png 600w\" sizes=\"auto, (max-width: 789px) 100vw, 789px\" \/><\/figure>\n\n\n\n<div style=\"height:20px\" aria-hidden=\"true\" class=\"wp-block-spacer\"><\/div>\n\n\n\n<p>Ul. Kr\u00f3la Kazimierza Wielkiego 116,<br>32-300 Olkusz.<br>E-mail: info@szparga\u0142y.pl<\/p>\n\n\n\n<p>Potrzebujesz wi\u0119cej informacji? Jurek +48 500 236 541<\/p>\n\n\n\n<div style=\"height:20px\" aria-hidden=\"true\" class=\"wp-block-spacer\"><\/div>\n\n\n\n<p><strong>Masz pytanie dotycz\u0105ce konkretnego przedmioty? Prze\u015blij wiadomo\u015b\u0107:<\/strong> info@szparga\u0142y.pl<\/p>\n\n\n\n<p><\/p>\n","protected":false},"excerpt":{"rendered":"<p>Tu mo\u017cesz odebra\u0107 przedmiot po wcze\u015bniejszym ustaleniu telefonicznym. Ul. Kr\u00f3la Kazimierza Wielkiego 116,32-300 Olkusz.E-mail: info@szparga\u0142y.pl Potrzebujesz wi\u0119cej informacji? Jurek +48&hellip;<\/p>\n","protected":false},"author":1,"featured_media":0,"parent":0,"menu_order":0,"comment_status":"closed","ping_status":"closed","template":"","meta":{"footnotes":""},"class_list":["post-8","page","type-page","status-publish","hentry"],"_links":{"self":[{"href":"https:\/\/www.xn--szpargay-dpb.pl\/index.php\/wp-json\/wp\/v2\/pages\/8","targetHints":{"allow":["GET"]}}],"collection":[{"href":"https:\/\/www.xn--szpargay-dpb.pl\/index.php\/wp-json\/wp\/v2\/pages"}],"about":[{"href":"https:\/\/www.xn--szpargay-dpb.pl\/index.php\/wp-json\/wp\/v2\/types\/page"}],"author":[{"embeddable":true,"href":"https:\/\/www.xn--szpargay-dpb.pl\/index.php\/wp-json\/wp\/v2\/users\/1"}],"replies":[{"embeddable":true,"href":"https:\/\/www.xn--szpargay-dpb.pl\/index.php\/wp-json\/wp\/v2\/comments?post=8"}],"version-history":[{"count":62,"href":"https:\/\/www.xn--szpargay-dpb.pl\/index.php\/wp-json\/wp\/v2\/pages\/8\/revisions"}],"predecessor-version":[{"id":1019,"href":"https:\/\/www.xn--szpargay-dpb.pl\/index.php\/wp-json\/wp\/v2\/pages\/8\/revisions\/1019"}],"wp:attachment":[{"href":"https:\/\/www.xn--szpargay-dpb.pl\/index.php\/wp-json\/wp\/v2\/media?parent=8"}],"curies":[{"name":"wp","href":"https:\/\/api.w.org\/{rel}","templated":true}]}}